{"id":33,"date":"2024-03-17T18:22:47","date_gmt":"2024-03-17T17:22:47","guid":{"rendered":"https:\/\/www.stoffstrom.org\/natuerlicher-klimaschutz\/?page_id=33"},"modified":"2024-05-14T13:48:52","modified_gmt":"2024-05-14T11:48:52","slug":"projektbeispiele","status":"publish","type":"page","link":"https:\/\/www.stoffstrom.org\/natuerlicher-klimaschutz\/projektbeispiele\/","title":{"rendered":"Projektbeispiele"},"content":{"rendered":"\n<p>Die nachstehenden Praxisbeispiele zeigen, wie unterschiedliche Zielgruppen den Nat\u00fcrlichen Klimaschutz in ihren unmittelbaren Einflussbereich integrieren k\u00f6nnen:<\/p>\n\n\n\n<h3 class=\"wp-block-heading\">Schulen<\/h3>\n\n\n\n<ul class=\"wp-block-list\">\n<li><strong>Umweltbildung und Bewusstseinsbildung:<\/strong> Integration der Themen Nat\u00fcrlicher Klimaschutz und Klimawandel in den Lehrplan zur Aufkl\u00e4rung der Sch\u00fclerinnen und Sch\u00fcler. Die Durchf\u00fchrung von Umwelttagen, Exkursionen in die Natur und Workshops k\u00f6nnen das Bewusstsein zum Thema tiefergehend st\u00e4rken.<\/li>\n\n\n\n<li><strong>Gartenprojekte und Gr\u00fcnfl\u00e4chen:<\/strong> Schaffung von Schulg\u00e4rten oder Gr\u00fcnfl\u00e4chen f\u00f6rdert die Biodiversit\u00e4t und tr\u00e4gt zur CO2-Aufnahme bei. Sch\u00fclerinnen und Sch\u00fcler k\u00f6nnen dabei aktiv an der Pflege und Bewirtschaftung teilnehmen.<\/li>\n\n\n\n<li><strong>Partnerschaften:<\/strong> Teilnahme an Klimaschutzprojekten, z.B. durch die Unterst\u00fctzung von Aufforstungsinitiativen, den Beitritt zu Umweltorganisationen oder die Zusammenarbeit mit lokalen Gemeinden und Unternehmen f\u00fcr umweltfreundliche Projekte.<\/li>\n<\/ul>\n\n\n\n<h3 class=\"wp-block-heading\">Unternehmen<\/h3>\n\n\n\n<ul class=\"wp-block-list\">\n<li><strong>Biodiversit\u00e4tsf\u00f6rderung:<\/strong> Umwandlung ungenutzter Fl\u00e4chen in Gr\u00fcnfl\u00e4chen, Anlage von Wildblumenwiesen oder nat\u00fcrliche Teiche.<\/li>\n\n\n\n<li><strong>Kohlenstoffsenken schaffen:<\/strong> Anpflanzung von B\u00e4umen (Aufforstung), Anlegen von Bl\u00fchstreifen, Umwandlung von Fett- in Magerwiesen, Bodenbewirtschaftung mit Beigabe von Pflanzenkohle, die Pflege von W\u00e4ldern und die Renaturierung von \u00d6dland.<\/li>\n\n\n\n<li><strong>Erosionsschutz:<\/strong> Ma\u00dfnahmen zur Bodenerhaltung und Erosionskontrolle, wie die Anpflanzung von Erosionsschutzbepflanzungen, Terrassenbau oder die Nutzung von Bodenbedeckungen zum Schutz der nat\u00fcrlichen Ressourcen und zur Reduzierung von Bodenerosion.<\/li>\n\n\n\n<li><strong>Regenerative Landwirtschaft:<\/strong> F\u00f6rderung nachhaltiger landwirtschaftlicher Praktiken, die den Boden gesund erhalten, die Wassernutzung optimieren und den Einsatz von Chemikalien reduzieren (wie z.B. Agroforstsysteme, biologische Landwirtschaft, Fruchtwechsel und Mulchtechniken).<\/li>\n\n\n\n<li><strong>Naturbasierte L\u00f6sungen:<\/strong> Schaffung von gr\u00fcnen D\u00e4chern oder Anlage von naturnahen G\u00e4rten.<\/li>\n\n\n\n<li><strong>Integration in die Unternehmensstrategie: <\/strong>Naturbasierte L\u00f6sungen werden Bestandteil einer Unternehmensstrategie oder eines -leitbildes.<\/li>\n<\/ul>\n\n\n\n<h3 class=\"wp-block-heading\">Kommunen<\/h3>\n\n\n\n<ul class=\"wp-block-list\">\n<li><strong>Urbanes Gr\u00fcn und Begr\u00fcnungsprojekte:<\/strong>\u00a0F\u00f6rderung von (\u00f6ffentlichen) Gr\u00fcnfl\u00e4chen bzw. einer Stadtbegr\u00fcnung durch Baumpflanzungen, Entwicklung von (Pocket-)Parks, Gr\u00fcnstreifen oder Gemeinschaftsg\u00e4rten sowie Schaffung von Kohlenstoffsenken, z.B. durch Beigabe von Pflanzenkohle insb. f\u00fcr Stadtb\u00e4ume zur Steigerung der Wasserhaltekapazit\u00e4t und somit Verl\u00e4ngerung der Lebenszeit \u2013 f\u00fchrt zugleich zu einer Verbesserung des Stadtklimas, f\u00f6rdert die Biodiversit\u00e4t und bietet Erholungsm\u00f6glichkeiten f\u00fcr die Bewohnerinnen und Bewohner.<\/li>\n\n\n\n<li><strong>Naturschutz und Gew\u00e4sserpflege:<\/strong>&nbsp;Schutz und Pflege von nat\u00fcrlichen Lebensr\u00e4umen (nach M\u00f6glichkeit in Zusammenarbeit mit der Landwirtschaft) wie W\u00e4ldern, Feuchtgebieten, Fl\u00fcssen und Seen sowie Moor-Wiedervern\u00e4ssung, Renaturierung von \u00dcberschwemmungsgebieten, Waldumbau in Richtung resilienterer Laubmischw\u00e4lder, alle Techniken einer nachhaltigen Bio-Landwirtschaft, Agroforstma\u00dfnahmen oder Einsatz von Pflanzenkohle in der Tierf\u00fctterung und zur Bodenverbesserung&nbsp; \u2013 dies f\u00fchrt zugleich zur Erhaltung der Biodiversit\u00e4t, zur Verbesserung der Wasserqualit\u00e4t und zur Klimaresilienz der Kommune bei.<\/li>\n\n\n\n<li><strong>Klimaanpassungsma\u00dfnahmen:<\/strong>\u00a0Entwicklung von Strategien zur Anpassung an den Klimawandel, z.B. mittels Fassaden- und Dachbegr\u00fcnung (in Kombination mit Photovoltaik oder Dachg\u00e4rten), dem Entgegenwirken von Hitzeinseln oder der Anlage von Agroforstsystemen.<\/li>\n\n\n\n<li><strong>Partizipation und Sensibilisierung:<\/strong>&nbsp;Durchf\u00fchrung von B\u00fcrgerbeteiligung und Informationskampagnen zur Bewusstseinsst\u00e4rkung sowie zur Erh\u00f6hung der Akzeptanz f\u00fcr den Nat\u00fcrlichen Klimaschutz.<\/li>\n<\/ul>\n","protected":false},"excerpt":{"rendered":"<p>Die nachstehenden Praxisbeispiele zeigen, wie unterschiedliche Zielgruppen den Nat\u00fcrlichen Klimaschutz in ihren unmittelbaren Einflussbereich integrieren k\u00f6nnen: Schulen Unternehmen Kommunen<\/p>\n","protected":false},"author":1,"featured_media":0,"parent":0,"menu_order":0,"comment_status":"closed","ping_status":"closed","template":"","meta":{"_uag_custom_page_level_css":"","site-sidebar-layout":"default","site-content-layout":"","ast-site-content-layout":"default","site-content-style":"default","site-sidebar-style":"default","ast-global-header-display":"","ast-banner-title-visibility":"","ast-main-header-display":"","ast-hfb-above-header-display":"","ast-hfb-below-header-display":"","ast-hfb-mobile-header-display":"","site-post-title":"","ast-breadcrumbs-content":"","ast-featured-img":"","footer-sml-layout":"","ast-disable-related-posts":"","theme-transparent-header-meta":"","adv-header-id-meta":"","stick-header-meta":"","header-above-stick-meta":"","header-main-stick-meta":"","header-below-stick-meta":"","astra-migrate-meta-layouts":"default","ast-page-background-enabled":"default","ast-page-background-meta":{"desktop":{"background-color":"var(--ast-global-color-4)","background-image":"","background-repeat":"repeat","background-position":"center center","background-size":"auto","background-attachment":"scroll","background-type":"","background-media":"","overlay-type":"","overlay-color":"","overlay-opacity":"","overlay-gradient":""},"tablet":{"background-color":"","background-image":"","background-repeat":"repeat","background-position":"center center","background-size":"auto","background-attachment":"scroll","background-type":"","background-media":"","overlay-type":"","overlay-color":"","overlay-opacity":"","overlay-gradient":""},"mobile":{"background-color":"","background-image":"","background-repeat":"repeat","background-position":"center center","background-size":"auto","background-attachment":"scroll","background-type":"","background-media":"","overlay-type":"","overlay-color":"","overlay-opacity":"","overlay-gradient":""}},"ast-content-background-meta":{"desktop":{"background-color":"var(--ast-global-color-5)","background-image":"","background-repeat":"repeat","background-position":"center center","background-size":"auto","background-attachment":"scroll","background-type":"","background-media":"","overlay-type":"","overlay-color":"","overlay-opacity":"","overlay-gradient":""},"tablet":{"background-color":"var(--ast-global-color-5)","background-image":"","background-repeat":"repeat","background-position":"center center","background-size":"auto","background-attachment":"scroll","background-type":"","background-media":"","overlay-type":"","overlay-color":"","overlay-opacity":"","overlay-gradient":""},"mobile":{"background-color":"var(--ast-global-color-5)","background-image":"","background-repeat":"repeat","background-position":"center center","background-size":"auto","background-attachment":"scroll","background-type":"","background-media":"","overlay-type":"","overlay-color":"","overlay-opacity":"","overlay-gradient":""}},"footnotes":""},"class_list":["post-33","page","type-page","status-publish","hentry"],"uagb_featured_image_src":{"full":false,"thumbnail":false,"medium":false,"medium_large":false,"large":false,"1536x1536":false,"2048x2048":false,"gform-image-choice-sm":false,"gform-image-choice-md":false,"gform-image-choice-lg":false},"uagb_author_info":{"display_name":"c.schoenemann","author_link":"https:\/\/www.stoffstrom.org\/natuerlicher-klimaschutz\/author\/c-schoenemann\/"},"uagb_comment_info":0,"uagb_excerpt":"Die nachstehenden Praxisbeispiele zeigen, wie unterschiedliche Zielgruppen den Nat\u00fcrlichen Klimaschutz in ihren unmittelbaren Einflussbereich integrieren k\u00f6nnen: Schulen Unternehmen Kommunen","_links":{"self":[{"href":"https:\/\/www.stoffstrom.org\/natuerlicher-klimaschutz\/wp-json\/wp\/v2\/pages\/33","targetHints":{"allow":["GET"]}}],"collection":[{"href":"https:\/\/www.stoffstrom.org\/natuerlicher-klimaschutz\/wp-json\/wp\/v2\/pages"}],"about":[{"href":"https:\/\/www.stoffstrom.org\/natuerlicher-klimaschutz\/wp-json\/wp\/v2\/types\/page"}],"author":[{"embeddable":true,"href":"https:\/\/www.stoffstrom.org\/natuerlicher-klimaschutz\/wp-json\/wp\/v2\/users\/1"}],"replies":[{"embeddable":true,"href":"https:\/\/www.stoffstrom.org\/natuerlicher-klimaschutz\/wp-json\/wp\/v2\/comments?post=33"}],"version-history":[{"count":4,"href":"https:\/\/www.stoffstrom.org\/natuerlicher-klimaschutz\/wp-json\/wp\/v2\/pages\/33\/revisions"}],"predecessor-version":[{"id":166,"href":"https:\/\/www.stoffstrom.org\/natuerlicher-klimaschutz\/wp-json\/wp\/v2\/pages\/33\/revisions\/166"}],"wp:attachment":[{"href":"https:\/\/www.stoffstrom.org\/natuerlicher-klimaschutz\/wp-json\/wp\/v2\/media?parent=33"}],"curies":[{"name":"wp","href":"https:\/\/api.w.org\/{rel}","templated":true}]}}